{"id":55182,"date":"2025-01-15T17:16:33","date_gmt":"2025-01-15T16:16:33","guid":{"rendered":"https:\/\/vergissmeinnicht.bz.it\/?post_type=product&#038;p=55182"},"modified":"2025-01-16T09:36:54","modified_gmt":"2025-01-16T08:36:54","slug":"coperta-in-bambu-con-tracolla","status":"publish","type":"product","link":"https:\/\/vergissmeinnicht.bz.it\/it\/prodotto\/coperta-in-bambu-con-tracolla\/","title":{"rendered":"Coperta in bamb\u00f9 con tracolla"},"content":{"rendered":"<p>Morbida coperta in pile di bamb\u00f9. Il tessuto di bamb\u00f9 \u00e8 morbido, traspirante e ipoallergenico, il che lo rende confortevole e adatto alla pelle. \u00c8 resistente agli odori, si asciuga rapidamente e rispetta l&#8217;ambiente. Le dimensioni della coperta sono 1,30 m x 1,60 m.   <\/p>\n<p><img decoding=\"async\" src=\"https:\/\/vergissmeinnicht.bz.it\/wp-content\/uploads\/2023\/08\/shop-pflegehinweise-30grad.jpg\"><\/p>\n","protected":false},"excerpt":{"rendered":"<p>Morbida coperta in pile di bamb\u00f9. Il tessuto di bamb\u00f9 \u00e8 morbido, traspirante e ipoallergenico, il che lo rende confortevole e adatto alla pelle. \u00c8 resistente agli odori, si asciuga rapidamente e rispetta l&#8217;ambiente. Le dimensioni della coperta sono 1,30 m x 1,60 m.<\/p>\n","protected":false},"featured_media":54683,"template":"","meta":{"_et_pb_use_builder":"","_et_pb_old_content":"","_et_gb_content_width":""},"product_brand":[],"product_cat":[445],"product_tag":[322,331,263,267,268,342,345,351,447,448,270,275,360,284,365,367,293,377,382,380,446,302,304,390,319,316,312,314,320],"class_list":{"0":"post-55182","1":"product","2":"type-product","3":"status-publish","4":"has-post-thumbnail","6":"product_cat-coperta","7":"product_tag-abbigliamento-it","8":"product_tag-artigianali-it","9":"product_tag-beeintraechtigung-it","10":"product_tag-bruneck-it","11":"product_tag-brunico-it","12":"product_tag-che-vivono-sul-confine-it","13":"product_tag-clothes-it","14":"product_tag-cooperativa-sociale-it","15":"product_tag-coperta-it","16":"product_tag-coperta-it-2","17":"product_tag-grenzgaenger-it","18":"product_tag-handarbeit-it","19":"product_tag-handmade-it","20":"product_tag-kleider-it","21":"product_tag-laboratorio-it","22":"product_tag-lana-cotta-it","23":"product_tag-naehstube-it","24":"product_tag-sartoria-it-2","25":"product_tag-selbst-hergestellt-it","26":"product_tag-selbstgemacht-it","27":"product_tag-soffitto","28":"product_tag-sozialgenossenschaft-it","29":"product_tag-stoffe-it","30":"product_tag-tessuti-it","31":"product_tag-vergiss-mein-nicht-it","32":"product_tag-vergissmeinnicht-it","33":"product_tag-vgmn-it","34":"product_tag-vmn-it","35":"product_tag-walk-it","37":"first","38":"instock","39":"taxable","40":"shipping-taxable","41":"purchasable","42":"product-type-variable"},"_links":{"self":[{"href":"https:\/\/vergissmeinnicht.bz.it\/it\/wp-json\/wp\/v2\/product\/55182","targetHints":{"allow":["GET"]}}],"collection":[{"href":"https:\/\/vergissmeinnicht.bz.it\/it\/wp-json\/wp\/v2\/product"}],"about":[{"href":"https:\/\/vergissmeinnicht.bz.it\/it\/wp-json\/wp\/v2\/types\/product"}],"wp:featuredmedia":[{"embeddable":true,"href":"https:\/\/vergissmeinnicht.bz.it\/it\/wp-json\/wp\/v2\/media\/54683"}],"wp:attachment":[{"href":"https:\/\/vergissmeinnicht.bz.it\/it\/wp-json\/wp\/v2\/media?parent=55182"}],"wp:term":[{"taxonomy":"product_brand","embeddable":true,"href":"https:\/\/vergissmeinnicht.bz.it\/it\/wp-json\/wp\/v2\/product_brand?post=55182"},{"taxonomy":"product_cat","embeddable":true,"href":"https:\/\/vergissmeinnicht.bz.it\/it\/wp-json\/wp\/v2\/product_cat?post=55182"},{"taxonomy":"product_tag","embeddable":true,"href":"https:\/\/vergissmeinnicht.bz.it\/it\/wp-json\/wp\/v2\/product_tag?post=55182"}],"curies":[{"name":"wp","href":"https:\/\/api.w.org\/{rel}","templated":true}]}}

Coperta in bambù con tracolla

<p>Morbida coperta in pile di bambù. Il tessuto di bambù è morbido, traspirante e ipoallergenico, il che lo rende confortevole e adatto alla pelle. È resistente agli odori, si asciuga rapidamente e rispetta l&#8217;ambiente. Le dimensioni della coperta sono 1,30 m x 1,60 m.   </p>
<p><img decoding="async" src="https://vergissmeinnicht.bz.it/wp-content/uploads/2023/08/shop-pflegehinweise-30grad.jpg"></p>

<p>Morbida coperta in pile di bambù. Il tessuto di bambù è morbido, traspirante e ipoallergenico, il che lo rende confortevole e adatto alla pelle. È resistente agli odori, si asciuga rapidamente e rispetta l&#8217;ambiente. Le dimensioni della coperta sono 1,30 m x 1,60 m.</p>
