{"id":54160,"date":"2023-08-01T10:59:52","date_gmt":"2023-08-01T08:59:52","guid":{"rendered":"https:\/\/vergissmeinnicht.bz.it\/produkt\/t-shirt-basic-akzent-julian-nera\/"},"modified":"2025-01-15T14:53:05","modified_gmt":"2025-01-15T13:53:05","slug":"t-shirt-basic-akzent-julian-nera","status":"publish","type":"product","link":"https:\/\/vergissmeinnicht.bz.it\/it\/prodotto\/t-shirt-basic-akzent-julian-nera\/","title":{"rendered":"T-shirt Basic Akzent Julian nera"},"content":{"rendered":"<p>L&#8217;immagine attira l&#8217;attenzione? S\u00ec, anche per noi \u00e8 stato cos\u00ec. Perch\u00e9 Julian, come gli altri artisti della Galerie Akzent, riesce a dipingere quadri speciali. Cuciamo le magliette che meglio si adattano ai quadri e siamo felici perch\u00e9 insieme ci sentiamo meno soli.   <\/p>\n<p><img decoding=\"async\" class=\"alignnone size-full wp-image-51407\" src=\"https:\/\/vergissmeinnicht.bz.it\/wp-content\/uploads\/2023\/08\/shop-pflegehinweise-30grad.jpg\" alt=\"\" width=\"140\" height=\"35\" srcset=\"https:\/\/vergissmeinnicht.bz.it\/wp-content\/uploads\/2023\/08\/shop-pflegehinweise-30grad.jpg 140w, https:\/\/vergissmeinnicht.bz.it\/wp-content\/uploads\/2023\/08\/shop-pflegehinweise-30grad-64x16.jpg 64w\" sizes=\"(max-width: 140px) 100vw, 140px\" \/><\/p>\n","protected":false},"excerpt":{"rendered":"<p>L&#8217;immagine attira l&#8217;attenzione? S\u00ec, anche per noi \u00e8 stato cos\u00ec. Perch\u00e9 Julian, come gli altri artisti della Galerie Akzent, riesce a dipingere quadri speciali. Cuciamo le magliette che meglio si adattano ai quadri e siamo felici perch\u00e9 insieme ci sentiamo meno soli.<\/p>\n","protected":false},"featured_media":53152,"template":"","meta":{"_et_pb_use_builder":"","_et_pb_old_content":"","_et_gb_content_width":""},"product_brand":[],"product_cat":[252],"product_tag":[322,331,263,267,268,342,345,351,355,270,275,360,284,365,367,370,288,293,377,382,380,302,304,390,306,319,316,312,314,320],"class_list":{"0":"post-54160","1":"product","2":"type-product","3":"status-publish","4":"has-post-thumbnail","6":"product_cat-t-shirt-it","7":"product_tag-abbigliamento-it","8":"product_tag-artigianali-it","9":"product_tag-beeintraechtigung-it","10":"product_tag-bruneck-it","11":"product_tag-brunico-it","12":"product_tag-che-vivono-sul-confine-it","13":"product_tag-clothes-it","14":"product_tag-cooperativa-sociale-it","15":"product_tag-fashion-it","16":"product_tag-grenzgaenger-it","17":"product_tag-handarbeit-it","18":"product_tag-handmade-it","19":"product_tag-kleider-it","20":"product_tag-laboratorio-it","21":"product_tag-lana-cotta-it","22":"product_tag-moda-it","23":"product_tag-mode-it","24":"product_tag-naehstube-it","25":"product_tag-sartoria-it-2","26":"product_tag-selbst-hergestellt-it","27":"product_tag-selbstgemacht-it","28":"product_tag-sozialgenossenschaft-it","29":"product_tag-stoffe-it","30":"product_tag-tessuti-it","31":"product_tag-tshirt-it","32":"product_tag-vergiss-mein-nicht-it","33":"product_tag-vergissmeinnicht-it","34":"product_tag-vgmn-it","35":"product_tag-vmn-it","36":"product_tag-walk-it","38":"first","39":"instock","40":"taxable","41":"shipping-taxable","42":"purchasable","43":"product-type-variable"},"_links":{"self":[{"href":"https:\/\/vergissmeinnicht.bz.it\/it\/wp-json\/wp\/v2\/product\/54160","targetHints":{"allow":["GET"]}}],"collection":[{"href":"https:\/\/vergissmeinnicht.bz.it\/it\/wp-json\/wp\/v2\/product"}],"about":[{"href":"https:\/\/vergissmeinnicht.bz.it\/it\/wp-json\/wp\/v2\/types\/product"}],"wp:featuredmedia":[{"embeddable":true,"href":"https:\/\/vergissmeinnicht.bz.it\/it\/wp-json\/wp\/v2\/media\/53152"}],"wp:attachment":[{"href":"https:\/\/vergissmeinnicht.bz.it\/it\/wp-json\/wp\/v2\/media?parent=54160"}],"wp:term":[{"taxonomy":"product_brand","embeddable":true,"href":"https:\/\/vergissmeinnicht.bz.it\/it\/wp-json\/wp\/v2\/product_brand?post=54160"},{"taxonomy":"product_cat","embeddable":true,"href":"https:\/\/vergissmeinnicht.bz.it\/it\/wp-json\/wp\/v2\/product_cat?post=54160"},{"taxonomy":"product_tag","embeddable":true,"href":"https:\/\/vergissmeinnicht.bz.it\/it\/wp-json\/wp\/v2\/product_tag?post=54160"}],"curies":[{"name":"wp","href":"https:\/\/api.w.org\/{rel}","templated":true}]}}

<p>L&#8217;immagine attira l&#8217;attenzione? Sì, anche per noi è stato così. Perché Julian, come gli altri artisti della Galerie Akzent, riesce a dipingere quadri speciali. Cuciamo le magliette che meglio si adattano ai quadri e siamo felici perché insieme ci sentiamo meno soli.   </p>
<p><img decoding="async" class="alignnone size-full wp-image-51407" src="https://vergissmeinnicht.bz.it/wp-content/uploads/2023/08/shop-pflegehinweise-30grad.jpg" alt="" width="140" height="35" srcset="https://vergissmeinnicht.bz.it/wp-content/uploads/2023/08/shop-pflegehinweise-30grad.jpg 140w, https://vergissmeinnicht.bz.it/wp-content/uploads/2023/08/shop-pflegehinweise-30grad-64x16.jpg 64w" sizes="(max-width: 140px) 100vw, 140px" /></p>

<p>L&#8217;immagine attira l&#8217;attenzione? Sì, anche per noi è stato così. Perché Julian, come gli altri artisti della Galerie Akzent, riesce a dipingere quadri speciali. Cuciamo le magliette che meglio si adattano ai quadri e siamo felici perché insieme ci sentiamo meno soli.</p>
