{"id":54112,"date":"2023-08-01T10:59:56","date_gmt":"2023-08-01T08:59:56","guid":{"rendered":"https:\/\/vergissmeinnicht.bz.it\/produkt\/zaino-ruckzuck-loden\/"},"modified":"2025-01-15T15:45:59","modified_gmt":"2025-01-15T14:45:59","slug":"zaino-ruckzuck-loden","status":"publish","type":"product","link":"https:\/\/vergissmeinnicht.bz.it\/it\/prodotto\/zaino-ruckzuck-loden\/","title":{"rendered":"Zaino Ruckzuck Loden"},"content":{"rendered":"<p>Due in uno: lo zaino in loden pu\u00f2 essere utilizzato anche come borsa. Il grigio \u00e8 piacevolmente sobrio, i cinturini sono disponibili in diversi colori. Combinati con gusto, \u00e8 un vero e proprio colpo d\u2019occhio.  <\/p>\n<p><img decoding=\"async\" class=\"alignnone size-full wp-image-51406\" src=\"https:\/\/vergissmeinnicht.bz.it\/wp-content\/uploads\/2023\/08\/shop-pflegehinweise-keine-waesche.jpg\" alt=\"\" width=\"140\" height=\"35\" srcset=\"https:\/\/vergissmeinnicht.bz.it\/wp-content\/uploads\/2023\/08\/shop-pflegehinweise-keine-waesche.jpg 140w, https:\/\/vergissmeinnicht.bz.it\/wp-content\/uploads\/2023\/08\/shop-pflegehinweise-keine-waesche-64x16.jpg 64w\" sizes=\"(max-width: 140px) 100vw, 140px\" \/><\/p>\n","protected":false},"excerpt":{"rendered":"<p>Due in uno: lo zaino in loden pu\u00f2 essere utilizzato anche come borsa. Il grigio \u00e8 piacevolmente sobrio, i cinturini sono disponibili in diversi colori. Combinati con gusto, \u00e8 un vero e proprio colpo d\u2019occhio.<\/p>\n","protected":false},"featured_media":52828,"template":"","meta":{"_et_pb_use_builder":"","_et_pb_old_content":"Due in uno: lo zaino in loden pu\u00f2 essere utilizzato anche come borsa. Il grigio \u00e8 piacevolmente sobrio, i cinturini sono disponibili in diversi colori. Combinati con gusto, \u00e8 un vero e proprio colpo d\u2019occhio.  \n\n<img class=\"alignnone size-full wp-image-51406\" src=\"https:\/\/vergissmeinnicht.bz.it\/wp-content\/uploads\/2023\/08\/shop-pflegehinweise-keine-waesche.jpg\" alt=\"\" width=\"140\" height=\"35\">","_et_gb_content_width":""},"product_brand":[],"product_cat":[258],"product_tag":[322,326,328,331,263,267,268,342,345,351,355,270,275,360,284,365,367,370,288,293,377,382,380,302,304,390,319,316,312,314,320],"class_list":{"0":"post-54112","1":"product","2":"type-product","3":"status-publish","4":"has-post-thumbnail","6":"product_cat-borsa-zaino","7":"product_tag-abbigliamento-it","8":"product_tag-accessoires-it","9":"product_tag-accessori-it","10":"product_tag-artigianali-it","11":"product_tag-beeintraechtigung-it","12":"product_tag-bruneck-it","13":"product_tag-brunico-it","14":"product_tag-che-vivono-sul-confine-it","15":"product_tag-clothes-it","16":"product_tag-cooperativa-sociale-it","17":"product_tag-fashion-it","18":"product_tag-grenzgaenger-it","19":"product_tag-handarbeit-it","20":"product_tag-handmade-it","21":"product_tag-kleider-it","22":"product_tag-laboratorio-it","23":"product_tag-lana-cotta-it","24":"product_tag-moda-it","25":"product_tag-mode-it","26":"product_tag-naehstube-it","27":"product_tag-sartoria-it-2","28":"product_tag-selbst-hergestellt-it","29":"product_tag-selbstgemacht-it","30":"product_tag-sozialgenossenschaft-it","31":"product_tag-stoffe-it","32":"product_tag-tessuti-it","33":"product_tag-vergiss-mein-nicht-it","34":"product_tag-vergissmeinnicht-it","35":"product_tag-vgmn-it","36":"product_tag-vmn-it","37":"product_tag-walk-it","39":"first","40":"instock","41":"taxable","42":"shipping-taxable","43":"purchasable","44":"product-type-variable"},"_links":{"self":[{"href":"https:\/\/vergissmeinnicht.bz.it\/it\/wp-json\/wp\/v2\/product\/54112","targetHints":{"allow":["GET"]}}],"collection":[{"href":"https:\/\/vergissmeinnicht.bz.it\/it\/wp-json\/wp\/v2\/product"}],"about":[{"href":"https:\/\/vergissmeinnicht.bz.it\/it\/wp-json\/wp\/v2\/types\/product"}],"wp:featuredmedia":[{"embeddable":true,"href":"https:\/\/vergissmeinnicht.bz.it\/it\/wp-json\/wp\/v2\/media\/52828"}],"wp:attachment":[{"href":"https:\/\/vergissmeinnicht.bz.it\/it\/wp-json\/wp\/v2\/media?parent=54112"}],"wp:term":[{"taxonomy":"product_brand","embeddable":true,"href":"https:\/\/vergissmeinnicht.bz.it\/it\/wp-json\/wp\/v2\/product_brand?post=54112"},{"taxonomy":"product_cat","embeddable":true,"href":"https:\/\/vergissmeinnicht.bz.it\/it\/wp-json\/wp\/v2\/product_cat?post=54112"},{"taxonomy":"product_tag","embeddable":true,"href":"https:\/\/vergissmeinnicht.bz.it\/it\/wp-json\/wp\/v2\/product_tag?post=54112"}],"curies":[{"name":"wp","href":"https:\/\/api.w.org\/{rel}","templated":true}]}}

<p>Due in uno: lo zaino in loden può essere utilizzato anche come borsa. Il grigio è piacevolmente sobrio, i cinturini sono disponibili in diversi colori. Combinati con gusto, è un vero e proprio colpo d’occhio.  </p>
<p><img decoding="async" class="alignnone size-full wp-image-51406" src="https://vergissmeinnicht.bz.it/wp-content/uploads/2023/08/shop-pflegehinweise-keine-waesche.jpg" alt="" width="140" height="35" srcset="https://vergissmeinnicht.bz.it/wp-content/uploads/2023/08/shop-pflegehinweise-keine-waesche.jpg 140w, https://vergissmeinnicht.bz.it/wp-content/uploads/2023/08/shop-pflegehinweise-keine-waesche-64x16.jpg 64w" sizes="(max-width: 140px) 100vw, 140px" /></p>

<p>Due in uno: lo zaino in loden può essere utilizzato anche come borsa. Il grigio è piacevolmente sobrio, i cinturini sono disponibili in diversi colori. Combinati con gusto, è un vero e proprio colpo d’occhio.</p>

Due in uno: lo zaino in loden può essere utilizzato anche come borsa. Il grigio è piacevolmente sobrio, i cinturini sono disponibili in diversi colori. Combinati con gusto, è un vero e proprio colpo d’occhio.  

<img class="alignnone size-full wp-image-51406" src="https://vergissmeinnicht.bz.it/wp-content/uploads/2023/08/shop-pflegehinweise-keine-waesche.jpg" alt="" width="140" height="35">
