{"id":53908,"date":"2023-08-01T10:59:35","date_gmt":"2023-08-01T08:59:35","guid":{"rendered":"https:\/\/vergissmeinnicht.bz.it\/produkt\/poncho-melanie-corto\/"},"modified":"2025-08-29T00:11:15","modified_gmt":"2025-08-28T22:11:15","slug":"poncho-melanie-corto","status":"publish","type":"product","link":"https:\/\/vergissmeinnicht.bz.it\/it\/prodotto\/poncho-melanie-corto\/","title":{"rendered":"Poncho Melanie corto"},"content":{"rendered":"<p><strong>10 anni VergissMeinNicht &#8211; Prezzo anniversario fino al 28 agosto 2025<\/strong><\/p>\n<p>Melanie non solo \u00e8 stata una parte importante del nostro team fin dall&#8217;inizio: la nostra storia \u00e8 iniziata con il poncho che porta il suo nome. \u00c8 il primo disegno realizzato nella nostra sala da cucire. Design semplice, grande effetto e vestibilit\u00e0 ideale: questo \u00e8 ci\u00f2 che caratterizza il poncho. Le spalle strette valorizzano ogni figura e allo stesso tempo forniscono sostegno quando il poncho viene indossato aperto. Inoltre, pu\u00f2 essere indossato come una giacca di transizione e in inverno come un cardigan. Perfetto, non \u00e8 vero?     <\/p>\n<p><img decoding=\"async\" class=\"alignnone size-full wp-image-51406\" src=\"https:\/\/vergissmeinnicht.bz.it\/wp-content\/uploads\/2023\/08\/shop-pflegehinweise-keine-waesche.jpg\" alt=\"\" width=\"140\" height=\"35\" srcset=\"https:\/\/vergissmeinnicht.bz.it\/wp-content\/uploads\/2023\/08\/shop-pflegehinweise-keine-waesche.jpg 140w, https:\/\/vergissmeinnicht.bz.it\/wp-content\/uploads\/2023\/08\/shop-pflegehinweise-keine-waesche-64x16.jpg 64w\" sizes=\"(max-width: 140px) 100vw, 140px\" \/><\/p>\n","protected":false},"excerpt":{"rendered":"<p>10 anni VergissMeinNicht &#8211; Prezzo anniversario fino al 28 agosto 2025 Melanie non solo \u00e8 stata una parte importante del nostro team fin dall&#8217;inizio: la nostra storia \u00e8 iniziata con il poncho che porta il suo nome. \u00c8 il primo disegno realizzato nella nostra sala da cucire. Design semplice, grande effetto e vestibilit\u00e0 ideale: questo [&hellip;]<\/p>\n","protected":false},"featured_media":52798,"template":"","meta":{"_et_pb_use_builder":"off","_et_pb_old_content":"Tutto \u00e8 iniziato con il nostro poncho Melanie. La figura geometrica di un cerchio \u00e8 al centro del design del nostro poncho Melanie: un design semplice con un grande effetto e una grande vestibilit\u00e0! Un capo senza tempo, per cos\u00ec dire.\nIl poncho prende il nome dalla nostra collaboratrice Melanie, che \u00e8 stata un membro importante del team VergissMeinNicht fin dall'inizio. Ideale come giacca di transizione, ma pu\u00f2 essere indossato anche come cardigan in inverno.   \n\n<img class=\"alignnone size-full wp-image-51406\" src=\"https:\/\/vergissmeinnicht.bz.it\/wp-content\/uploads\/2023\/08\/shop-pflegehinweise-keine-waesche.jpg\" alt=\"\" width=\"140\" height=\"35\">","_et_gb_content_width":""},"product_brand":[],"product_cat":[240],"product_tag":[322,331,263,267,268,342,345,351,355,270,275,360,284,365,367,370,288,293,294,375,377,382,380,302,304,390,319,316,312,314,320],"class_list":{"0":"post-53908","1":"product","2":"type-product","3":"status-publish","4":"has-post-thumbnail","6":"product_cat-poncho-it","7":"product_tag-abbigliamento-it","8":"product_tag-artigianali-it","9":"product_tag-beeintraechtigung-it","10":"product_tag-bruneck-it","11":"product_tag-brunico-it","12":"product_tag-che-vivono-sul-confine-it","13":"product_tag-clothes-it","14":"product_tag-cooperativa-sociale-it","15":"product_tag-fashion-it","16":"product_tag-grenzgaenger-it","17":"product_tag-handarbeit-it","18":"product_tag-handmade-it","19":"product_tag-kleider-it","20":"product_tag-laboratorio-it","21":"product_tag-lana-cotta-it","22":"product_tag-moda-it","23":"product_tag-mode-it","24":"product_tag-naehstube-it","25":"product_tag-poncho-it","26":"product_tag-poncio-it","27":"product_tag-sartoria-it-2","28":"product_tag-selbst-hergestellt-it","29":"product_tag-selbstgemacht-it","30":"product_tag-sozialgenossenschaft-it","31":"product_tag-stoffe-it","32":"product_tag-tessuti-it","33":"product_tag-vergiss-mein-nicht-it","34":"product_tag-vergissmeinnicht-it","35":"product_tag-vgmn-it","36":"product_tag-vmn-it","37":"product_tag-walk-it","39":"first","40":"instock","41":"taxable","42":"shipping-taxable","43":"purchasable","44":"product-type-variable"},"_links":{"self":[{"href":"https:\/\/vergissmeinnicht.bz.it\/it\/wp-json\/wp\/v2\/product\/53908","targetHints":{"allow":["GET"]}}],"collection":[{"href":"https:\/\/vergissmeinnicht.bz.it\/it\/wp-json\/wp\/v2\/product"}],"about":[{"href":"https:\/\/vergissmeinnicht.bz.it\/it\/wp-json\/wp\/v2\/types\/product"}],"wp:featuredmedia":[{"embeddable":true,"href":"https:\/\/vergissmeinnicht.bz.it\/it\/wp-json\/wp\/v2\/media\/52798"}],"wp:attachment":[{"href":"https:\/\/vergissmeinnicht.bz.it\/it\/wp-json\/wp\/v2\/media?parent=53908"}],"wp:term":[{"taxonomy":"product_brand","embeddable":true,"href":"https:\/\/vergissmeinnicht.bz.it\/it\/wp-json\/wp\/v2\/product_brand?post=53908"},{"taxonomy":"product_cat","embeddable":true,"href":"https:\/\/vergissmeinnicht.bz.it\/it\/wp-json\/wp\/v2\/product_cat?post=53908"},{"taxonomy":"product_tag","embeddable":true,"href":"https:\/\/vergissmeinnicht.bz.it\/it\/wp-json\/wp\/v2\/product_tag?post=53908"}],"curies":[{"name":"wp","href":"https:\/\/api.w.org\/{rel}","templated":true}]}}

<p><strong>10 anni VergissMeinNicht &#8211; Prezzo anniversario fino al 28 agosto 2025</strong></p>
<p>Melanie non solo è stata una parte importante del nostro team fin dall&#8217;inizio: la nostra storia è iniziata con il poncho che porta il suo nome. È il primo disegno realizzato nella nostra sala da cucire. Design semplice, grande effetto e vestibilità ideale: questo è ciò che caratterizza il poncho. Le spalle strette valorizzano ogni figura e allo stesso tempo forniscono sostegno quando il poncho viene indossato aperto. Inoltre, può essere indossato come una giacca di transizione e in inverno come un cardigan. Perfetto, non è vero?     </p>
<p><img decoding="async" class="alignnone size-full wp-image-51406" src="https://vergissmeinnicht.bz.it/wp-content/uploads/2023/08/shop-pflegehinweise-keine-waesche.jpg" alt="" width="140" height="35" srcset="https://vergissmeinnicht.bz.it/wp-content/uploads/2023/08/shop-pflegehinweise-keine-waesche.jpg 140w, https://vergissmeinnicht.bz.it/wp-content/uploads/2023/08/shop-pflegehinweise-keine-waesche-64x16.jpg 64w" sizes="(max-width: 140px) 100vw, 140px" /></p>

<p>10 anni VergissMeinNicht &#8211; Prezzo anniversario fino al 28 agosto 2025 Melanie non solo è stata una parte importante del nostro team fin dall&#8217;inizio: la nostra storia è iniziata con il poncho che porta il suo nome. È il primo disegno realizzato nella nostra sala da cucire. Design semplice, grande effetto e vestibilità ideale: questo [&hellip;]</p>

Tutto è iniziato con il nostro poncho Melanie. La figura geometrica di un cerchio è al centro del design del nostro poncho Melanie: un design semplice con un grande effetto e una grande vestibilità! Un capo senza tempo, per così dire.
Il poncho prende il nome dalla nostra collaboratrice Melanie, che è stata un membro importante del team VergissMeinNicht fin dall'inizio. Ideale come giacca di transizione, ma può essere indossato anche come cardigan in inverno.   

<img class="alignnone size-full wp-image-51406" src="https://vergissmeinnicht.bz.it/wp-content/uploads/2023/08/shop-pflegehinweise-keine-waesche.jpg" alt="" width="140" height="35">
