{"id":53770,"date":"2023-08-01T10:59:38","date_gmt":"2023-08-01T08:59:38","guid":{"rendered":"https:\/\/vergissmeinnicht.bz.it\/produkt\/cappotto-sigrid\/"},"modified":"2025-01-15T13:55:54","modified_gmt":"2025-01-15T12:55:54","slug":"cappotto-sigrid","status":"publish","type":"product","link":"https:\/\/vergissmeinnicht.bz.it\/it\/prodotto\/cappotto-sigrid\/","title":{"rendered":"Cappotto Sigrid"},"content":{"rendered":"<p>Il cappotto Sigrid si caratterizza per la sua semplicit\u00e0. A prima vista sembra classico, ma le grandi tasche cucite gli danno un tocco speciale. I nostri clienti dicono che \u00e8 il cappotto di transizione ideale. E chi \u00e8 Sigrid? L&#8217;iniziatrice della nostra cooperativa sociale.    <\/p>\n<p><img decoding=\"async\" class=\"alignnone size-full wp-image-51406\" src=\"https:\/\/vergissmeinnicht.bz.it\/wp-content\/uploads\/2023\/08\/shop-pflegehinweise-keine-waesche.jpg\" alt=\"\" width=\"140\" height=\"35\" srcset=\"https:\/\/vergissmeinnicht.bz.it\/wp-content\/uploads\/2023\/08\/shop-pflegehinweise-keine-waesche.jpg 140w, https:\/\/vergissmeinnicht.bz.it\/wp-content\/uploads\/2023\/08\/shop-pflegehinweise-keine-waesche-64x16.jpg 64w\" sizes=\"(max-width: 140px) 100vw, 140px\" \/><\/p>\n","protected":false},"excerpt":{"rendered":"<p>Il cappotto Sigrid si caratterizza per la sua semplicit\u00e0. A prima vista sembra classico, ma le grandi tasche cucite gli danno un tocco speciale. I nostri clienti dicono che \u00e8 il cappotto di transizione ideale. E chi \u00e8 Sigrid? L&#8217;iniziatrice della nostra cooperativa sociale.<\/p>\n","protected":false},"featured_media":53076,"template":"","meta":{"_et_pb_use_builder":"","_et_pb_old_content":"","_et_gb_content_width":""},"product_brand":[],"product_cat":[242],"product_tag":[322,331,263,267,268,341,342,345,349,351,355,270,275,360,284,365,367,286,370,288,293,377,382,380,302,304,390,319,316,312,314,320],"class_list":{"0":"post-53770","1":"product","2":"type-product","3":"status-publish","4":"has-post-thumbnail","6":"product_cat-cappotto","7":"product_tag-abbigliamento-it","8":"product_tag-artigianali-it","9":"product_tag-beeintraechtigung-it","10":"product_tag-bruneck-it","11":"product_tag-brunico-it","12":"product_tag-cappotto-it","13":"product_tag-che-vivono-sul-confine-it","14":"product_tag-clothes-it","15":"product_tag-coat-it","16":"product_tag-cooperativa-sociale-it","17":"product_tag-fashion-it","18":"product_tag-grenzgaenger-it","19":"product_tag-handarbeit-it","20":"product_tag-handmade-it","21":"product_tag-kleider-it","22":"product_tag-laboratorio-it","23":"product_tag-lana-cotta-it","24":"product_tag-mantel-it","25":"product_tag-moda-it","26":"product_tag-mode-it","27":"product_tag-naehstube-it","28":"product_tag-sartoria-it-2","29":"product_tag-selbst-hergestellt-it","30":"product_tag-selbstgemacht-it","31":"product_tag-sozialgenossenschaft-it","32":"product_tag-stoffe-it","33":"product_tag-tessuti-it","34":"product_tag-vergiss-mein-nicht-it","35":"product_tag-vergissmeinnicht-it","36":"product_tag-vgmn-it","37":"product_tag-vmn-it","38":"product_tag-walk-it","40":"first","41":"instock","42":"taxable","43":"shipping-taxable","44":"purchasable","45":"product-type-variable"},"_links":{"self":[{"href":"https:\/\/vergissmeinnicht.bz.it\/it\/wp-json\/wp\/v2\/product\/53770","targetHints":{"allow":["GET"]}}],"collection":[{"href":"https:\/\/vergissmeinnicht.bz.it\/it\/wp-json\/wp\/v2\/product"}],"about":[{"href":"https:\/\/vergissmeinnicht.bz.it\/it\/wp-json\/wp\/v2\/types\/product"}],"wp:featuredmedia":[{"embeddable":true,"href":"https:\/\/vergissmeinnicht.bz.it\/it\/wp-json\/wp\/v2\/media\/53076"}],"wp:attachment":[{"href":"https:\/\/vergissmeinnicht.bz.it\/it\/wp-json\/wp\/v2\/media?parent=53770"}],"wp:term":[{"taxonomy":"product_brand","embeddable":true,"href":"https:\/\/vergissmeinnicht.bz.it\/it\/wp-json\/wp\/v2\/product_brand?post=53770"},{"taxonomy":"product_cat","embeddable":true,"href":"https:\/\/vergissmeinnicht.bz.it\/it\/wp-json\/wp\/v2\/product_cat?post=53770"},{"taxonomy":"product_tag","embeddable":true,"href":"https:\/\/vergissmeinnicht.bz.it\/it\/wp-json\/wp\/v2\/product_tag?post=53770"}],"curies":[{"name":"wp","href":"https:\/\/api.w.org\/{rel}","templated":true}]}}

<p>Il cappotto Sigrid si caratterizza per la sua semplicità. A prima vista sembra classico, ma le grandi tasche cucite gli danno un tocco speciale. I nostri clienti dicono che è il cappotto di transizione ideale. E chi è Sigrid? L&#8217;iniziatrice della nostra cooperativa sociale.    </p>
<p><img decoding="async" class="alignnone size-full wp-image-51406" src="https://vergissmeinnicht.bz.it/wp-content/uploads/2023/08/shop-pflegehinweise-keine-waesche.jpg" alt="" width="140" height="35" srcset="https://vergissmeinnicht.bz.it/wp-content/uploads/2023/08/shop-pflegehinweise-keine-waesche.jpg 140w, https://vergissmeinnicht.bz.it/wp-content/uploads/2023/08/shop-pflegehinweise-keine-waesche-64x16.jpg 64w" sizes="(max-width: 140px) 100vw, 140px" /></p>

<p>Il cappotto Sigrid si caratterizza per la sua semplicità. A prima vista sembra classico, ma le grandi tasche cucite gli danno un tocco speciale. I nostri clienti dicono che è il cappotto di transizione ideale. E chi è Sigrid? L&#8217;iniziatrice della nostra cooperativa sociale.</p>
