{"id":54083,"date":"2023-08-01T10:59:47","date_gmt":"2023-08-01T08:59:47","guid":{"rendered":"https:\/\/vergissmeinnicht.bz.it\/produkt\/pullover-lorena-walk\/"},"modified":"2025-01-15T14:28:46","modified_gmt":"2025-01-15T13:28:46","slug":"pullover-lorena-walk","status":"publish","type":"product","link":"https:\/\/vergissmeinnicht.bz.it\/en\/product\/pullover-lorena-walk\/","title":{"rendered":"Pullover Lorena Walk"},"content":{"rendered":"<p>Eye-catching pockets, wide collar, longer back: our colleague Lorena gave us the inspiration for this design. A stylish and sophisticated garment that is particularly comfortable to wear. <\/p>\n<p><img decoding=\"async\" class=\"alignnone size-full wp-image-51406\" src=\"https:\/\/vergissmeinnicht.bz.it\/wp-content\/uploads\/2023\/08\/shop-pflegehinweise-keine-waesche.jpg\" alt=\"\" width=\"140\" height=\"35\" srcset=\"https:\/\/vergissmeinnicht.bz.it\/wp-content\/uploads\/2023\/08\/shop-pflegehinweise-keine-waesche.jpg 140w, https:\/\/vergissmeinnicht.bz.it\/wp-content\/uploads\/2023\/08\/shop-pflegehinweise-keine-waesche-64x16.jpg 64w\" sizes=\"(max-width: 140px) 100vw, 140px\" \/><\/p>\n","protected":false},"excerpt":{"rendered":"<p>Eye-catching pockets, wide collar, longer back: our colleague Lorena gave us the inspiration for this design. A stylish and sophisticated garment that is particularly comfortable to wear.<\/p>\n","protected":false},"featured_media":54850,"template":"","meta":{"_et_pb_use_builder":"off","_et_pb_old_content":"Unsere Mitarbeiterin Lorena gab uns Inputs zum Design und so entstand ein Pullover mit viel Raffinessen: auff\u00e4llige Taschen, weiter Kragen, l\u00e4ngeres R\u00fcckenteil \u2013 ein stylischer Pullover, der angenehm zum Tagen ist.\n\n<img class=\"alignnone size-full wp-image-51406\" src=\"https:\/\/vergissmeinnicht.bz.it\/wp-content\/uploads\/2023\/08\/shop-pflegehinweise-keine-waesche.jpg\" alt=\"\" width=\"140\" height=\"35\">","_et_gb_content_width":""},"product_brand":[],"product_cat":[247],"product_tag":[323,330,262,266,269,343,344,350,354,271,274,361,285,364,366,368,371,289,292,296,376,383,381,303,305,388,391,318,317,313,315,321],"class_list":{"0":"post-54083","1":"product","2":"type-product","3":"status-publish","4":"has-post-thumbnail","6":"product_cat-pullover-en","7":"product_tag-abbigliamento-en","8":"product_tag-artigianali-en","9":"product_tag-beeintraechtigung-en","10":"product_tag-bruneck-en","11":"product_tag-brunico-en","12":"product_tag-che-vivono-sul-confine-en","13":"product_tag-clothes-en","14":"product_tag-cooperativa-sociale-en","15":"product_tag-fashion-en","16":"product_tag-grenzgaenger-en","17":"product_tag-handarbeit-en","18":"product_tag-handmade-en","19":"product_tag-kleider-en","20":"product_tag-laboratorio-en","21":"product_tag-lana-cotta-en","22":"product_tag-maglione-en","23":"product_tag-moda-en","24":"product_tag-mode-en","25":"product_tag-naehstube-en","26":"product_tag-pullover-en","27":"product_tag-sartoria-en-2","28":"product_tag-selbst-hergestellt-en","29":"product_tag-selbstgemacht-en","30":"product_tag-sozialgenossenschaft-en","31":"product_tag-stoffe-en","32":"product_tag-sweater-en","33":"product_tag-tessuti-en","34":"product_tag-vergiss-mein-nicht-en","35":"product_tag-vergissmeinnicht-en","36":"product_tag-vgmn-en","37":"product_tag-vmn-en","38":"product_tag-walk-en","40":"first","41":"instock","42":"taxable","43":"shipping-taxable","44":"purchasable","45":"product-type-variable"},"_links":{"self":[{"href":"https:\/\/vergissmeinnicht.bz.it\/en\/wp-json\/wp\/v2\/product\/54083","targetHints":{"allow":["GET"]}}],"collection":[{"href":"https:\/\/vergissmeinnicht.bz.it\/en\/wp-json\/wp\/v2\/product"}],"about":[{"href":"https:\/\/vergissmeinnicht.bz.it\/en\/wp-json\/wp\/v2\/types\/product"}],"wp:featuredmedia":[{"embeddable":true,"href":"https:\/\/vergissmeinnicht.bz.it\/en\/wp-json\/wp\/v2\/media\/54850"}],"wp:attachment":[{"href":"https:\/\/vergissmeinnicht.bz.it\/en\/wp-json\/wp\/v2\/media?parent=54083"}],"wp:term":[{"taxonomy":"product_brand","embeddable":true,"href":"https:\/\/vergissmeinnicht.bz.it\/en\/wp-json\/wp\/v2\/product_brand?post=54083"},{"taxonomy":"product_cat","embeddable":true,"href":"https:\/\/vergissmeinnicht.bz.it\/en\/wp-json\/wp\/v2\/product_cat?post=54083"},{"taxonomy":"product_tag","embeddable":true,"href":"https:\/\/vergissmeinnicht.bz.it\/en\/wp-json\/wp\/v2\/product_tag?post=54083"}],"curies":[{"name":"wp","href":"https:\/\/api.w.org\/{rel}","templated":true}]}}

Unsere Mitarbeiterin Lorena gab uns Inputs zum Design und so entstand ein Pullover mit viel Raffinessen: auffällige Taschen, weiter Kragen, längeres Rückenteil – ein stylischer Pullover, der angenehm zum Tagen ist.

<img class="alignnone size-full wp-image-51406" src="https://vergissmeinnicht.bz.it/wp-content/uploads/2023/08/shop-pflegehinweise-keine-waesche.jpg" alt="" width="140" height="35">
